the prime factors of 58569108?
2, 3, 13, 375443
List the prime factors of 873470750.
2, 5, 3493883
List the prime factors of 1002494148.
2, 3, 17, 4914187
List the prime factors of 894726383.
894726383
List the prime factors of 586029745.
5, 7, 53, 61, 5179
List the prime factors of 30404724.
2, 3, 7, 361961
List the prime factors of 5852124960.
2, 3, 5, 11, 1108357
What are the prime factors of 173772544?
2, 11, 23, 2683
What are the prime factors of 988967187?
3, 13, 8452711
List the prime factors of 78915322.
2, 19, 29, 3769
What are the prime factors of 93505787?
23, 4065469
What are the prime factors of 70580005?
5, 17, 830353
What are the prime factors of 204309628?
2, 239, 213713
List the prime factors of 5075722217.
16111, 315047
What are the prime factors of 507011123?
507011123
List the prime factors of 7903695.
3, 5, 526913
What are the prime factors of 416617920?
2, 3, 5, 144659
What are the prime factors of 781206415?
5, 11, 41, 346433
List the prime factors of 1911732582.
2, 3, 773, 412189
What are the prime factors of 778975015?
5, 7, 13, 19, 90107
What are the prime factors of 254049002?
2, 10957, 11593
List the prime factors of 13358592.
2, 3, 13, 223
What are the prime factors of 82318537?
7, 11759791
What are the prime factors of 626868180?
2, 3, 5, 1160867
List the prime factors of 195727216.
2, 229, 53419
What are the prime factors of 49174085?
5, 9834817
List the prime factors of 101977262.
2, 23, 2216897
What are the prime factors of 191631913?
11, 29, 600727
What are the prime factors of 105949429?
105949429
List the prime factors of 709780811.
61, 11635751
What are the prime factors of 1003244692?
2, 31, 8090683
What are the prime factors of 882454810?
2, 5, 19, 37, 125527
List the prime factors of 1042023522.
2, 3, 31, 5602277
List the prime factors of 602982978.
2, 3, 13, 71, 108881
What are the prime factors of 53182014?
2, 3, 227, 39047
List the prime factors of 847327193.
847327193
What are the prime factors of 47216829?
3, 11, 1430813
List the prime factors of 57103613.
7, 43, 189713
What are the prime factors of 2376656322?
2, 3, 2851, 138937
What are the prime factors of 265346421?
3, 17, 43, 120997
List the prime factors of 39309225.
3, 5, 524123
What are the prime factors of 105118928?
2, 53, 113, 1097
List the prime factors of 183549380.
2, 5, 7, 1311067
List the prime factors of 2546693.
29, 137, 641
What are the prime factors of 119500010?
2, 5, 7, 29, 37, 43
List the prime factors of 850975917.
3, 11, 1093, 23593
What are the prime factors of 6838566?
2, 3, 7, 162823
What are the prime factors of 421980520?
2, 5, 13, 811501
What are the prime factors of 272674622?
2, 11, 239, 51859
What are the prime factors of 64998827?
97, 293, 2287
What are the prime factors of 256536297?
3, 1667, 17099
What are the prime factors of 11893075?
5, 41, 283
What are the prime factors of 429204271?
2129, 201599
What are the prime factors of 97246424?
2, 11, 41, 26953
What are the prime factors of 955895623?
7151, 133673
List the prime factors of 2275369029.
3, 17, 29, 47, 3637
List the prime factors of 1123753324.
2, 280938331
List the prime factors of 27786134.
2, 71, 195677
What are the prime factors of 534000974?
2, 13, 17, 41, 79, 373
What are the prime factors of 290343969?
3, 17, 29, 65437
List the prime factors of 67566415.
5, 7, 17, 113557
List the prime factors of 43631217.
3, 7, 10993
List the prime factors of 1023019593.
3, 61, 5590271
List the prime factors of 772002524.
2, 193000631
What are the prime factors of 2379303238?
2, 13, 17, 5383039
List the prime factors of 197222472.
2, 3, 913067
List the prime factors of 1475967208.
2, 184495901
List the prime factors of 13563022.
2, 11, 616501
What are the prime factors of 94953112?
2, 2269, 5231
What are the prime factors of 440229672?
2, 3, 107, 57143
What are the prime factors of 306885498?
2, 3, 51147583
What are the prime factors of 113202012?
2, 3, 7, 11, 101, 1213
List the prime factors of 147360176.
2, 607, 15173
What are the prime factors of 31676936?
2, 347, 11411
List the prime factors of 70564117.
13, 181, 29989
What are the prime factors of 35037114?
2, 3, 7, 67, 12451
List the prime factors of 110062084.
2, 11, 23, 9887
What are the prime factors of 928535?
5, 185707
List the prime factors of 37402640.
2, 5, 11, 19, 2237
What are the prime factors of 399022846?
2, 13339, 14957
List the prime factors of 5079771342.
2, 3, 41, 6883159
List the prime factors of 5100058.
2, 31, 43, 1913
List the prime factors of 1361714775.
3, 5, 18156197
What are the prime factors of 2489298929?
13, 47, 229, 17791
What are the prime factors of 184716590?
2, 5, 18471659
What are the prime factors of 583410261?
3, 7, 719, 38639
List the prime factors of 1416411434.
2, 83, 607, 14057
List the prime factors of 272785180.
2, 5, 47, 521, 557
What are the prime factors of 181866545?
5, 7, 5196187
List the prime factors of 68426692.
2, 101, 169373
What are the prime factors of 651138778?
2, 19, 17135231
What are the prime factors of 857636624?
2, 13, 4123253
What are the prime factors of 23133297?
3, 11, 701009
List the prime factors of 37975420.
2, 5, 7, 271253
List the prime factors of 2441578966.
2, 1220789483
What are the prime factors of 313229110?
2, 5, 709, 44179
What are the prime factors of 77817364?
2, 17, 37, 157, 197
What are the prime factors of 223749002?
2, 17, 387109
What are the prime factors of 635122463?
635122463
What are the prime factors of 1413079305?
3, 5, 11, 19, 643, 701
List the prime factors of 1204650436.
2, 11, 59, 613, 757
List the prime factors of 68781710.
2, 5, 19, 563, 643
What are the prime factors of 116127637?
9521, 12197
List the prime factors of 5603389025.
5, 13, 41, 79, 5323
What are the prime factors of 28946512?
2, 7, 17, 23, 661
List the prime factors of 52048953.
3, 11, 173, 1013
What are the prime factors of 119635705?
5, 7, 488309
What are the prime factors of 269233354?
2, 13, 23, 450223
List the prime factors of 604775152.
2, 4013, 9419
List the prime factors of 5640352111.
5640352111
What are the prime factors of 414010124?
2, 11, 647, 14543
List the prime factors of 46682317.
11, 67, 97, 653
List the prime factors of 2593280419.
17, 152545907
List the prime factors of 909166824.
2, 3, 12627317
List the prime factors of 4219594308.
2, 3, 29, 89, 45413
What are the prime factors of 37556767?
37556767
What are the prime factors of 4501674944?
2, 13, 5410667
What are the prime factors of 183421665?
3, 5, 7, 23, 29, 97
List the prime factors of 625931435.
5, 43, 2911309
List the prime factors of 3452147550.
2, 3, 5, 97, 79087
List the prime factors of 94403150.
2, 5, 1888063
List the prime factors of 33564901.
227, 147863
What are the prime factors of 3394379700?
2, 3, 5, 53, 71161
What are the prime factors of 755930652?
2, 3, 271, 232451
List the prime factors of 577582113.
3, 139, 1063, 1303
List the prime factors of 53663025.
3, 5, 13, 23, 2393
What are the prime factors of 48668441?
71, 685471
List the prime factors of 473860771.
17, 347, 80329
List the prime factors of 211451556.
2, 3, 53, 332471
List the prime factors of 33043010.
2, 5, 7, 11, 13, 3301
List the prime factors of 978310286.
2, 43, 347, 32783
List the prime factors of 1848728199.
3, 37, 131, 127139
What are the prime factors of 79279458?
2, 3, 97, 179, 761
List the prime factors of 35146687.
101, 347987
List the prime factors of 94928604.
2, 3, 257, 30781
List the prime factors of 72648954.
2, 3, 7, 192193
List the prime factors of 5510889975.
3, 5, 73478533
List the prime factors of 2157444404.
2, 539361101
What are the prime factors of 236219051?
236219051
List the prime factors of 1877257.
19, 29, 3407
What are the prime factors of 4446539006?
2, 7, 13, 17, 205307
List the prime factors of 357973021.
7, 51139003
What are the prime factors of 1171849985?
5, 19, 149, 82787
List the prime factors of 57832630.
2, 5, 389, 14867
What are the prime factors of 229640237?
227, 1011631
What are the prime factors of 182916930?
2, 3, 5, 7, 23, 37871
List the prime factors of 600421944.
2, 3, 25017581
What are the prime factors of 318919063?
12907, 24709
List the prime factors of 1601756664.
2, 3, 163, 331, 1237
What are the prime factors of 37942687?
2609, 14543
Wha